{"id":11630,"date":"2010-01-13T22:13:19","date_gmt":"2010-01-13T21:13:19","guid":{"rendered":"http:\/\/www.bistrobih.ba\/nova\/?page_id=11630"},"modified":"2010-04-03T15:26:46","modified_gmt":"2010-04-03T13:26:46","slug":"turjaca-jezero","status":"publish","type":"page","link":"https:\/\/www.bistrobih.ba\/nova\/turjaca-jezero\/","title":{"rendered":"Turja\u010da jezero"},"content":{"rendered":"<p style=\"text-align: center;\"><a href=\"http:\/\/www.bistrobih.ba\/galerija\/albums\/userpics\/10001\/Turjaca-jezero.jpg\" target=\"_blank\"><img loading=\"lazy\" decoding=\"async\" class=\"aligncenter\" src=\"http:\/\/www.bistrobih.ba\/galerija\/albums\/userpics\/10001\/Turjaca-jezero.jpg\" alt=\"\" width=\"357\" height=\"237\" \/><\/a><\/p>\n<p>Turja\u010da jezero se nalazi u jugoisto\u010dnom dijelu Rili\u010dkog polja, na Kupresu, na nadmorkoj visini od 1132 metra.Njegova du\u017eina je oko 190 metara, \u0161irina oko 100 metara, a dubina oko 4 metra.<\/p>\n<p><strong>Turja\u010da lake<\/strong><\/p>\n<p>Turja\u010da lake is situated on the South-East part of the Rili\u010dko field, on Kupres, on the 1132 meters of altitude. This lake is about 190 m long, 100 m wide and 4 m deep.<\/p>\n<p>Prevod: Jasmina Rami\u0107<\/p>\n","protected":false},"excerpt":{"rendered":"<p>Turja\u010da jezero se nalazi u jugoisto\u010dnom dijelu Rili\u010dkog polja, na Kupresu, na nadmorkoj visini od 1132 metra.Njegova du\u017eina je oko<\/p>\n","protected":false},"author":8,"featured_media":0,"parent":0,"menu_order":0,"comment_status":"open","ping_status":"open","template":"","meta":{"colormag_page_container_layout":"default_layout","colormag_page_sidebar_layout":"default_layout","footnotes":""},"class_list":["post-11630","page","type-page","status-publish","hentry"],"_links":{"self":[{"href":"https:\/\/www.bistrobih.ba\/nova\/wp-json\/wp\/v2\/pages\/11630","targetHints":{"allow":["GET"]}}],"collection":[{"href":"https:\/\/www.bistrobih.ba\/nova\/wp-json\/wp\/v2\/pages"}],"about":[{"href":"https:\/\/www.bistrobih.ba\/nova\/wp-json\/wp\/v2\/types\/page"}],"author":[{"embeddable":true,"href":"https:\/\/www.bistrobih.ba\/nova\/wp-json\/wp\/v2\/users\/8"}],"replies":[{"embeddable":true,"href":"https:\/\/www.bistrobih.ba\/nova\/wp-json\/wp\/v2\/comments?post=11630"}],"version-history":[{"count":3,"href":"https:\/\/www.bistrobih.ba\/nova\/wp-json\/wp\/v2\/pages\/11630\/revisions"}],"predecessor-version":[{"id":11632,"href":"https:\/\/www.bistrobih.ba\/nova\/wp-json\/wp\/v2\/pages\/11630\/revisions\/11632"}],"wp:attachment":[{"href":"https:\/\/www.bistrobih.ba\/nova\/wp-json\/wp\/v2\/media?parent=11630"}],"curies":[{"name":"wp","href":"https:\/\/api.w.org\/{rel}","templated":true}]}}